te 2 - (5 - (0 - -1)) - 3.
-5
Calculate 8 + (4 - 7 - 10).
-5
What is 46 + -47 - (1 - 2)?
0
3 + -1 + -1 + 0
1
What is 4 + -6 + 3 + -4?
-3
What is the value of 10 + -9 + -6 - (-5 - 1)?
1
What is -2 - ((5 - 0) + -13 + 5)?
1
(11 - 16) + 2 + 4
1
Calculate -6 + (0 + 3 - 8) + 4.
-7
-7 - -6 - -2 - (-3 - 0)
4
1 - 5 - 6 - -6 - -10
6
(-6 - 1) + (-39 - -50)
4
What is the value of (-6 + 3 - 2) + 6?
1
What is the value of -2 - -1 - (15 - 8 - 3)?
-5
Evaluate 3 + 4 + -23 + 13.
-3
Evaluate 6 - (-1 - -3 - (-9 + 8)).
3
What is -3 - 0 - (-32 - -23)?
6
Calculate 12 - (29 + -10) - (-5 + 0).
-2
Evaluate 6 - (7 - (9 - 3 - 4)).
1
Evaluate 20 + -7 + 0 + -13.
0
What is (1 - (-2 + 3)) + -4?
-4
-2 + -1 + (-22 - -18)
-7
What is the value of 6 - (-1 + 10 - 9)?
6
Evaluate 2 + 1 + (-2 - (12 - 11)).
0
What is the value of (-2 - -6) + -7 + 4 - 2?
-1
Calculate 5 + (7 - 13) - 2.
-3
Calculate 2 + -3 + 3 + -5 + 5.
2
Calculate -2 + (4 - -2 - (2 + 5)).
-3
Evaluate -5 - -2 - (1 + -4 + 5).
-5
Evaluate (3 - -6) + -2 + (-4 - -2).
5
What is 9 + 0 + -1 + (-8 - -2)?
2
Evaluate -5 - (-7 + 2) - (1 - 3).
2
What is 4 + 0 + 0 + -3 - -2?
3
What is 0 + (1 - 0) + -7?
-6
What is (-4 - -12) + -2 - 7?
-1
Evaluate -2 - (-4 + 3) - (-10 + 6).
3
What is 23 + -3 + -13 + 0 + -16?
-9
What is (-1 - 0) + (36 - 37)?
-2
What is the value of -3 - (9 + -1 + -6 - 2)?
-3
What is -7 + (8 - (3 + 4))?
-6
Evaluate -8 + 1 + 0 + 3.
-4
Evaluate (-2 - 5) + 23 + -12 + -7.
-3
What is -3 - (6 + -6) - (2 - 0)?
-5
What is 0 + (-1 - -2) + 6 + -7?
0
Evaluate -2 - (-6 - -4) - 4 - 0.
-4
-2 + (-1 + (1 - -1) - -1)
0
What is 16 + -14 - (-2 - -1)?
3
Calculate -3 + 7 - 1 - (-2 + 2).
3
Calculate 4 + 5 + -4 + 2 + -3.
4
Calculate -1 + 1 + (-4 - -1) - 2.
-5
What is (-5 - -1) + 2 + 2?
0
What is -6 + 11 + (-30 - -17)?
-8
What is the value of 0 - (1 - (-4 + 3))?
-2
Calculate 5 - (-8 - -9 - (3 - -3)).
10
What is -8 - -1 - (-1 + (-5 - -5))?
-6
What is (2 - (6 + -2)) + 2?
0
What is -2 + 3 + -5 + 2?
-2
Calculate (3 - 8) + 4 + (-3 - -1).
-3
-5 - ((2 - 2) + 5 + -5)
-5
What is (-2 - (0 + (0 - 3))) + 3?
4
(-3 - -1) + (-1 + -1 - -3)
-1
What is 17 - (0 - -6 - -5)?
6
Evaluate 2 + 1 + -6 + 9.
6
Calculate 9 - (18 - (13 - 4)).
0
Evaluate 0 + 9 + (-9 - 1) + 5.
4
Evaluate -1 + (5 - -2) + -1 + 0.
5
Evaluate 4 + -1 + 2 - (-1 + 4).
2
3 + 3 + (-1 - 1)
4
Evaluate -11 - -11 - (0 - 3) - 0.
3
What is 1 + (-1 - -2 - 3) + 4?
3
What is the value of 17 - (2 - (-4 + (-5 - -5)))?
11
What is (-7 + 1 - -4) + -5 + 2?
-5
Evaluate (-1 - 4) + 0 - (-13 - -11).
-3
Evaluate 0 - 6 - -13 - 14.
-7
(-3 - 2) + -5 + 7
-3
1 + -3 - (-34 - -37)
-5
Calculate 11 - (-2 - (-5 - 2)) - 7.
-1
Calculate 4 + -2 + 36 + -30.
8
Evaluate 2 + (2 - -1) + -6 - -1.
0
What is the value of (-161 - -152) + (-1 - -2) + -3?
-11
What is (-2 - (5 + 0 - 12)) + -1?
4
What is -3 + 1 + (10 - 11)?
-3
What is -1 - (-1 + (-1 - 3))?
4
What is the value of -54 + 49 - (-1 - 1) - -4?
1
Calculate -2 - ((-1 + -2 - -4) + -5).
2
What is 0 - -4 - (-1 - -11 - 4)?
-2
-12 + (0 - (-20 - -13))
-5
Evaluate -7 + -2 - (-15 - -12).
-6
Evaluate 3 - (4 + (-8 - -14)).
-7
Evaluate 3 - 1 - 0 - 1.
1
Calculate (6 - 1) + (2 - (13 + -5)).
-1
Evaluate (1 - 2) + -1 + -3 + 0.
-5
Calculate 3 + (4 + -9 - -7).
5
Evaluate 5 - 13 - (5 - 7).
-6
(-10 - -4) + 11 - (9 - 5)
1
Calculate -46 - -53 - (2 - -1 - 3).
7
-7 + (-5 - -7) - -8
3
What is the value of -3 + 0 + 12 + (-41 - -36)?
4
-9 - (5 + -22 + 11)
-3
Calculate -2 + (1 - 2) + -7 + 12.
2
3 + -3 + -6 + 9
3
What is -3 + (3 - (-5 - -1) - 1)?
3
Calculate (-1 - -6) + -14 - -4.
-5
What is -5 + (-4 + (3 - 2) - -2)?
-6
-20 + 15 + 0 + 4 + 1
0
Evaluate 1 - ((6 - 3 - 0) + -5).
3
Evaluate 1 - 5 - -8 - (0 - 0).
4
What is (10 - -6) + -8 + -4?
4
Calculate 1 + 5 + -1 + 3 - 3.
5
Calculate -7 + 12 + -17 - -6.
-6
Calculate 0 - (-14 - -13 - (4 + 0)).
5
What is (1 - 9 - 1) + 13?
4
Calculate (22 + -27 - (1 + 1)) + 1.
-6
-42 - -37 - (-1 + 4)
-8
What is the value of 3 - (11 - -4 - 7)?
-5
What is -3 + 9 - (11 + -3)?
-2
What is -7 + 9 + 4 + -2?
4
What is the value of -26 + 21 + (-2 - 0)?
-7
Calculate (1 - 4) + 2 - (-4 + 6).
-3
Evaluate -6 - (-9 + (0 - 2)).
5
What is 0 - (0 + 4 + -3)?
-1
Calculate -3 + 1 - -1 - -6.
5
Calculate 14 - 2 - (-27 + 31).
8
Evaluate -4 + 19 + -8 + 1 + -4.
4
14 - 29 - -18 - (7 + 0)
-4
What is 0 - (-10 + 1 + -7 + 11)?
5
What is 1 + (7 + -17 - -5)?
-4
-5 + -1 - (10 - -6 - 15)
-7
Calculate (3 - -2 - -3) + -5.
3
-5 - ((-4 - 0) + -1)
0
Evaluate (5 - (12 - 4)) + (-2 - -2).
-3
What is (-5 - -1) + 1 - (127 - 133)?
3
What is 0 - (4 - (4 - -3)) - 3?
0
Evaluate -11 + (13 - (-3 - -10)).
-5
What is 1 + 5 + (13 - (25 + -8))?
2
What is -6 + -11 + 13 - (0 + -5)?
1
Evaluate (3 - -1) + -2 + -1 + -1.
0
What is the value of -7 - (-3 + (-3 - (-1 - 4)))?
-6
What is (9 - 1 - 11) + 4?
1
-3 + 1 + 1 + -3
-4
What is the value of 2 + -1 - (-4 + 13 - 15)?
7
Evaluate 6 + 9 + 6 + -29.
-8
(-5 - -7) + 3 - 3 - 2
0
3 - 1 - (6 + -7 + 0)
3
Calculate -3 + (-7 + 8 - 1).
-3
24 + -13 + -11 + (-1 - -5)
4
What is -9 + (7 - (2 + (1 - 4)))?
-1
Evaluate (3 - (-2 + 8)) + 1 + -2.
-4
What is the value of (3 - (4 - 6 - -12)) + 7?
0
Calculate 0 + (-2 - -3) + 48 + -55.
-6
What is -3 + 0 + 0 + 1?
-2
4 + (-7 - (1 - 5))
1
What is 1 - ((3 - 0) + -4)?
2
What is -3 - (6 + -4 + 0)?
-5
What is the value of -4 - (-2 + -2 + 0)?
0
What is the value of -1 - -6 - -2 - (71 + -60)?
-4
Evaluate (-1 - 2) + (11 - 6) + 1.
3
0 + -1 - (-9 - -8)
0
What is 4 + -8 + 2 - (5 - -1)?
-8
4 + -3 + 4 - (12 - 10)
3
What is the value of -5 + -2 + 5 + (4 - 10)?
-8
Evaluate -7 - -2 - (5 + -6 - 7).
3
What is (-20 - -30) + -10 + 0?
0
Evaluate (-4 - -2) + (0 - -1).
-1
Calculate 4 + (3 - 5) + -2 + 1.
1
-6 + 3 + (-2 + -2 - 0)
-7
What is the value of -8 + 1 + 4 - (1 - 1)?
-3
Evaluate (-26 - -10) + 4 - -7.
-5
What is the value of -5 - (0 + 4 - (-20 + 24))?
-5
What is 5 - 2 - (1 - (7 + -2))?
7
What is 3 + 4 + -8 + 4 - 1?
2
Calculate -3 - (-8 - -6) - 5.
-6
Calculate 3 - (3 + -1 + 0).
1
What is the value of -2 - ((1 - (6 + -1)) + -1)?
3
-3 + -2 + (-1 - -2)
-4
Evaluate -7 + (17 - 2) + -7.
1
Evaluate (-2 - -5 - 3) + -3 + 2.
-1
Evaluate -1 + 6 - (3 - (-2 + 1)).
1
Calculate 3 - 4 - (-2 + 2).
-1
Calculate 6 - (4 + (-13 - -4 - -5)).
6
Calculate 37 + -48 + 4 + -3 + 5.
-5
-128 + 119 + (1 - 0)
-8
What is 3 + -2 + -1 + 4?
4
Evaluate 0 + (3 - -3) - (0 + -2).
8
-3 + (-9 - -16) - 7
-3
Evaluate -3 + -2 + 5 + (3 - 3).
0
What is (2 - 6) + (44 - 40)?
0
What is 3 + (-4 - (5 + -14 - -5))?
3
Evaluate (21 - (33 + -17)) + (0 - -5).
10
(-7 + 6 - 0) + -4
-5
Evaluate -3 + -1 - -5 - 5.
-4
What is 6 + -25 - -6 - -5?
-8
Evaluate -2 + 4 - 4 - (0 + -2).
0
What is the value of (-8 - -1 - -5) + -8?
-10
Calculate 0 + (10 - 11) + 10.
9
What is the value of -12 - (-10 - 9) - 14?
-7
What is the value of -3 - ((6 - 8) + 2)?
-3
Evaluate (4 - 4) + (2 - -1).
3
What is -9 - -3 - -3 - (-2 - -4)?
-5
4 + 0 - -2 - (85 - 78)
-1
What is -30 + 28 + (-2 + 2 - 1)?
-3
What is 2 + 0 + 1 + -8 + 9?
4
What is the value of 14 - 22 - (-3 + -1)?
-4
What is the value of (-4 - (3 + 0)) + 3?
-4
Calculate -1 + 2 + -1 + (-5 - -6).
1
Calculate -1 - 4 - (12 - 3 - 13).
-1
Calculate -1 - (0 - -6 - 5).
-2
Evaluate 12 - 21 - (3 - 9) - -4.
1
What is -7 - -6 - (-1 + -6)?
6
-6 - (1 + -6 - (2 + -9))
-8
Calculate 4 - (-8 - (-3 - 16)).
-7
Calculate (0 + -1 - -2) + -4.
-3
(0 - 0 - 0) + -31 + 32
1
Evaluate -2 - -1 - (13 + -1 + -7).
-6
Calculate 5 + -5 - -5 - (5 - -6).
-6
What is the value of 1 + (4 - 7) - -8?
6
5 + (9 - 23) + 2
-7
What is (-2 - 1) + (13 - (10 - 6))?
6
-4 + -4 + 4 + 0
-4
What is 5 - (-5 - (-2 + 3 + -6))?
5
7 + (-8 + 2 - -4)
5
What is -4 + 3 + 1 + 4?
4
What is the value of -3 - (-3 + -6 - (-5 + 6))?
7
Calculate -3 + 5 + 5 - 9.
-2
5 - ((0 - -4) + -3)
4
What is the value of 4 - -11 - 9 - (3 + 1)?
2
What is the value of -5 + -2 + (0 - -1 - -2)?
-4
What is the value of 3 - (-5 - (0 + -4))?
4
What is the value of -1 + -8 + 2 - (39 - 43)?
-3
What is the value of 5 - (2 + (-3 - (1 - 3)))?
4
Evaluate 6 - (4 + (1 - -2)).
-1
What is the value of (-3 - -9) + -4 + 0?
2
What is the value of (-4 - (2 - 5) - -3) + -3?
-1
20 + (-4 + -3 - 5)
8
Calculate 0 + -1 - -5 - (10 - 11).
5
Calculate (0 + 0 - 2) + -2.
-4
4 - 9 - (-1 + -8)
4
What is 12 - 5 - (-6 + 16)?
-3
Evaluate 7 + (-4 - 6 - -4) + 3.
4
Evaluate -6 + (0 - -10) + 48 + -55.
-3
What is -3 + (-2 - -9 - 7) + 0?
-3
3 - 0 - (-